{"id":5829,"date":"2024-05-03T09:30:23","date_gmt":"2024-05-03T08:30:23","guid":{"rendered":"https:\/\/monta.com\/de\/hilfe\/charge-now-at-home\/"},"modified":"2024-10-04T14:00:37","modified_gmt":"2024-10-04T13:00:37","slug":"jetzt-laden-zu-hause","status":"publish","type":"help-center","link":"https:\/\/monta.com\/de\/hilfe\/jetzt-laden-zu-hause\/","title":{"rendered":"Wie du zu Hause l\u00e4dst"},"content":{"rendered":"\n<p>Es gibt viele M\u00f6glichkeiten, wie du dein Laden zu Hause mit Monta Charge anpassen kannst! Hier sind die verschiedenen M\u00f6glichkeiten, wie du dein Laden an deiner pers\u00f6nlichen Ladestation starten und steuern kannst.<\/p>\n\n\n\n<p>Bevor du mit dem Laden beginnen kannst, musst du deine Ladestation zu deinem Monta Account hinzuf\u00fcgen und mit ihm verbinden. Schau dir dazu unsere verf\u00fcgbaren Anleitungen <a href=\"\/uk\/help-center\/category\/integration-guides\/\">zur Integration<\/a> an.<\/p>\n\n\n\n<p>Wenn deine Ladestation verbunden ist, siehst du sie unter der Navigation <strong>Ladestationen<\/strong> als <em>verf\u00fcgbar.<\/em><\/p>\n\n\n\n<p>Wenn Sie eine automatische Aufladung einrichten m\u00f6chten, m\u00fcssen Sie eine <a href=\"https:\/\/monta.com\/de\/hilfe\/erstelle-laderegeln\/\">Laderegel<\/a> erstellen.<\/p>\n\n\n\n<h2 class=\"wp-block-heading\">Jetzt laden<\/h2>\n\n\n\n<ol class=\"wp-block-list\">\n<li>Klicke auf die Ladestation, um sie zu \u00f6ffnen<\/li>\n\n\n\n<li>W\u00e4hle die Registerkarte <strong>Jetzt laden<\/strong> <\/li>\n\n\n\n<li>W\u00e4hle das Auto aus, das du laden m\u00f6chtest (optional)\n\n<ul class=\"wp-block-list\">\n<li>Wenn du dein Auto hinzugef\u00fcgt hast, erf\u00e4hrt unser System, wie hoch die Batteriekapazit\u00e4t deines Autos ist<\/li>\n\n\n\n<li>Wenn du dein Auto auch integriert hast, wird dem System der Ladezustand mitgeteilt<\/li>\n<\/ul>\n<\/li>\n\n\n\n<li>W\u00e4hle die Menge, die du aufladen m\u00f6chtest (optional)\n<ul class=\"wp-block-list\">\n<li>Du kannst w\u00e4hlen, ob du eine feste Menge an kWh, kontinuierlich oder prozentual laden willst<\/li>\n\n\n\n<li>Dein Auto ist immer in der Lage, den Ladevorgang zu beenden, wenn die in den Fahrzeugeinstellungen festgelegte Ladegrenze erreicht ist<\/li>\n<\/ul>\n<\/li>\n\n\n\n<li>Swipe, um den Ladevorgang zu starten!<\/li>\n<\/ol>\n\n\n\n<div class=\"storylane\">\n        <script src=\"https:\/\/js.storylane.io\/js\/v1\/storylane.js\"><\/script>\n        <div class=\"sl-embed\" style=\"position:relative;padding-bottom:calc(216.41% +  2px);width:100%;height:0;transform:scale(1)\">\n          <iframe class=\"sl-demo\" src=\"https:\/\/app.storylane.io\/demo\/ewjenpubvmcp\" name=\"sl-embed\" title=\"Interactive product demo\" aria-label=\"Interactive product demo\" allow=\"fullscreen; camera; microphone\" style=\"position:absolute;top:0;left:0;width:100%;height:100%;border:none;\"><\/iframe>\n        <\/div>\n      <\/div>\n\n\n\n<h2 class=\"wp-block-heading\">Zeitplan<\/h2>\n\n\n\n<ol class=\"wp-block-list\">\n<li>Klicke auf die Ladestation, um sie zu \u00f6ffnen<\/li>\n\n\n\n<li>W\u00e4hle die Registerkarte <strong>Zeitplan<\/strong><\/li>\n\n\n\n<li>W\u00e4hle das Auto aus, das du laden m\u00f6chtest (optional)\n\n<ul class=\"wp-block-list\">\n<li>Wenn du dein Auto hinzugef\u00fcgt hast, erf\u00e4hrt unser System, wie hoch die Batteriekapazit\u00e4t deines Autos ist<\/li>\n\n\n\n<li>Wenn du auch dein Auto integriert hast, wird dem System der Ladezustand mitgeteilt<\/li>\n<\/ul>\n<\/li>\n\n\n\n<li>W\u00e4hle den Zeitrahmen f\u00fcr das Laden\n\n<ul class=\"wp-block-list\">\n<li>Lege die Start- und Stoppzeit f\u00fcr den Ladevorgang fest<\/li>\n\n\n\n<li>Dein Auto ist immer in der Lage, den Ladevorgang zu stoppen, wenn die in den Fahrzeugeinstellungen festgelegte Ladegrenze erreicht ist<\/li>\n<\/ul>\n<\/li>\n\n\n\n<li>Swipe, um die geplante Ladung einzustellen\n\n<ul class=\"wp-block-list\">\n<li>Der Ladevorgang beginnt zur eingestellten Startzeit, auch wenn du das Auto vorher ansteckst<\/li>\n<\/ul>\n<\/li>\n<\/ol>\n\n\n\n<div class=\"storylane\">\n        <script src=\"https:\/\/js.storylane.io\/js\/v1\/storylane.js\"><\/script>\n        <div class=\"sl-embed\" style=\"position:relative;padding-bottom:calc(216.41% +  2px);width:100%;height:0;transform:scale(1)\">\n          <iframe class=\"sl-demo\" src=\"https:\/\/app.storylane.io\/demo\/ip0r5leuhk3z\" name=\"sl-embed\" title=\"Interactive product demo\" aria-label=\"Interactive product demo\" allow=\"fullscreen; camera; microphone\" style=\"position:absolute;top:0;left:0;width:100%;height:100%;border:none;\"><\/iframe>\n        <\/div>\n      <\/div>\n\n\n\n<h2 class=\"wp-block-heading\">SmartCharge<\/h2>\n\n\n\n<p>Du kannst einrichten, dass du dann l\u00e4dst, wenn der Strompreis am g\u00fcnstigsten ist, oder wenn du CO2-arme oder erneuerbare Energien nutzt.<\/p>\n\n\n\n<p>Bevor du SmartCharge einrichten kannst, musst du zun\u00e4chst <a href=\"https:\/\/monta.com\/de\/hilfe\/aktiviere-und-nutze-smartcharge\/\" data-type=\"link\" data-id=\"https:\/\/monta.com\/de\/hilfe\/aktiviere-und-nutze-smartcharge\/\">eine kurze Einrichtung<\/a> vornehmen, die deinen Ladeanforderungen entspricht. In den folgenden Schritten erf\u00e4hrst du, wie du einen SmartCharge Ladevorgang einrichtest.<\/p>\n\n\n\n<ol class=\"wp-block-list\">\n<li>Klicke auf , um die Ladestation zu \u00f6ffnen<\/li>\n\n\n\n<li>W\u00e4hle die Registerkarte <strong>SmartCharge<\/strong> <\/li>\n\n\n\n<li>W\u00e4hle das Auto aus, das du laden m\u00f6chtest (optional)<\/li>\n\n\n\n<li>W\u00e4hle den Zeitrahmen f\u00fcr das Laden aus\n\n<ul class=\"wp-block-list\">\n<li>W\u00e4hle aus, wann das Auto zur Abholung bereit sein soll<\/li>\n\n\n\n<li>Du stellst einen <strong>Verz\u00f6gerten Start<\/strong> ein, der den Beginn des Ladens nach diesem Zeitpunkt verz\u00f6gert<\/li>\n\n\n\n<li>Dein Auto ist immer in der Lage, den Ladevorgang zu beenden, wenn die in den Fahrzeugeinstellungen festgelegte Ladegrenze erreicht ist<\/li>\n<\/ul>\n<\/li>\n\n\n\n<li>Du kannst auch deine SmartCharge Pr\u00e4ferenzen f\u00fcr das Laden einstellen<\/li>\n\n\n\n<li>Swipe, um die SmartCharge-Sitzung einzurichten\n<ul class=\"wp-block-list\">\n<li>Der Ladevorgang wird gem\u00e4\u00df der Berechnung des Monta SmartCharge-Algorithmus gestartet, auch wenn du das Auto vorher anschlie\u00dft<\/li>\n<\/ul>\n<\/li>\n<\/ol>\n\n\n\n<div class=\"storylane\">\n        <script src=\"https:\/\/js.storylane.io\/js\/v1\/storylane.js\"><\/script>\n        <div class=\"sl-embed\" style=\"position:relative;padding-bottom:calc(216.41% +  2px);width:100%;height:0;transform:scale(1)\">\n          <iframe class=\"sl-demo\" src=\"https:\/\/app.storylane.io\/demo\/rgliql5buiyz\" name=\"sl-embed\" title=\"Interactive product demo\" aria-label=\"Interactive product demo\" allow=\"fullscreen; camera; microphone\" style=\"position:absolute;top:0;left:0;width:100%;height:100%;border:none;\"><\/iframe>\n        <\/div>\n      <\/div>\n","protected":false},"excerpt":{"rendered":"<p>Hast du eine Ladestation zu Hause? Hier erf\u00e4hrst du, wie du sie einrichten und laden kannst.<\/p>\n","protected":false},"author":1,"featured_media":0,"parent":0,"menu_order":0,"template":"","meta":{"_acf_changed":false,"inline_featured_image":false},"help_cat":[214],"help_tags":[221],"class_list":["post-5829","help-center","type-help-center","status-publish","hentry","help_cat-zu-hause-laden","help_tags-charge"],"acf":[],"_links":{"self":[{"href":"https:\/\/monta.com\/de\/wp-json\/wp\/v2\/help-center\/5829","targetHints":{"allow":["GET"]}}],"collection":[{"href":"https:\/\/monta.com\/de\/wp-json\/wp\/v2\/help-center"}],"about":[{"href":"https:\/\/monta.com\/de\/wp-json\/wp\/v2\/types\/help-center"}],"author":[{"embeddable":true,"href":"https:\/\/monta.com\/de\/wp-json\/wp\/v2\/users\/1"}],"wp:attachment":[{"href":"https:\/\/monta.com\/de\/wp-json\/wp\/v2\/media?parent=5829"}],"wp:term":[{"taxonomy":"help_cat","embeddable":true,"href":"https:\/\/monta.com\/de\/wp-json\/wp\/v2\/help_cat?post=5829"},{"taxonomy":"help_tags","embeddable":true,"href":"https:\/\/monta.com\/de\/wp-json\/wp\/v2\/help_tags?post=5829"}],"curies":[{"name":"wp","href":"https:\/\/api.w.org\/{rel}","templated":true}]}}

Wie du zu Hause lädst

<p>Es gibt viele Möglichkeiten, wie du dein Laden zu Hause mit Monta Charge anpassen kannst! Hier sind die verschiedenen Möglichkeiten, wie du dein Laden an deiner persönlichen Ladestation starten und steuern kannst.</p>



<p>Bevor du mit dem Laden beginnen kannst, musst du deine Ladestation zu deinem Monta Account hinzufügen und mit ihm verbinden. Schau dir dazu unsere verfügbaren Anleitungen <a href="/uk/help-center/category/integration-guides/">zur Integration</a> an.</p>



<p>Wenn deine Ladestation verbunden ist, siehst du sie unter der Navigation <strong>Ladestationen</strong> als <em>verfügbar.</em></p>



<p>Wenn Sie eine automatische Aufladung einrichten möchten, müssen Sie eine <a href="https://monta.com/de/hilfe/erstelle-laderegeln/">Laderegel</a> erstellen.</p>



<h2 class="wp-block-heading">Jetzt laden</h2>



<ol class="wp-block-list">
<li>Klicke auf die Ladestation, um sie zu öffnen</li>



<li>Wähle die Registerkarte <strong>Jetzt laden</strong> </li>



<li>Wähle das Auto aus, das du laden möchtest (optional)

<ul class="wp-block-list">
<li>Wenn du dein Auto hinzugefügt hast, erfährt unser System, wie hoch die Batteriekapazität deines Autos ist</li>



<li>Wenn du dein Auto auch integriert hast, wird dem System der Ladezustand mitgeteilt</li>
</ul>
</li>



<li>Wähle die Menge, die du aufladen möchtest (optional)
<ul class="wp-block-list">
<li>Du kannst wählen, ob du eine feste Menge an kWh, kontinuierlich oder prozentual laden willst</li>



<li>Dein Auto ist immer in der Lage, den Ladevorgang zu beenden, wenn die in den Fahrzeugeinstellungen festgelegte Ladegrenze erreicht ist</li>
</ul>
</li>



<li>Swipe, um den Ladevorgang zu starten!</li>
</ol>



<div class="storylane">
        <script src="https://js.storylane.io/js/v1/storylane.js"></script>
        <div class="sl-embed" style="position:relative;padding-bottom:calc(216.41% +  2px);width:100%;height:0;transform:scale(1)">
          <iframe class="sl-demo" src="https://app.storylane.io/demo/ewjenpubvmcp" name="sl-embed" title="Interactive product demo" aria-label="Interactive product demo" allow="fullscreen; camera; microphone" style="position:absolute;top:0;left:0;width:100%;height:100%;border:none;"></iframe>
        </div>
      </div>



<h2 class="wp-block-heading">Zeitplan</h2>



<ol class="wp-block-list">
<li>Klicke auf die Ladestation, um sie zu öffnen</li>



<li>Wähle die Registerkarte <strong>Zeitplan</strong></li>



<li>Wähle das Auto aus, das du laden möchtest (optional)

<ul class="wp-block-list">
<li>Wenn du dein Auto hinzugefügt hast, erfährt unser System, wie hoch die Batteriekapazität deines Autos ist</li>



<li>Wenn du auch dein Auto integriert hast, wird dem System der Ladezustand mitgeteilt</li>
</ul>
</li>



<li>Wähle den Zeitrahmen für das Laden

<ul class="wp-block-list">
<li>Lege die Start- und Stoppzeit für den Ladevorgang fest</li>



<li>Dein Auto ist immer in der Lage, den Ladevorgang zu stoppen, wenn die in den Fahrzeugeinstellungen festgelegte Ladegrenze erreicht ist</li>
</ul>
</li>



<li>Swipe, um die geplante Ladung einzustellen

<ul class="wp-block-list">
<li>Der Ladevorgang beginnt zur eingestellten Startzeit, auch wenn du das Auto vorher ansteckst</li>
</ul>
</li>
</ol>



<div class="storylane">
        <script src="https://js.storylane.io/js/v1/storylane.js"></script>
        <div class="sl-embed" style="position:relative;padding-bottom:calc(216.41% +  2px);width:100%;height:0;transform:scale(1)">
          <iframe class="sl-demo" src="https://app.storylane.io/demo/ip0r5leuhk3z" name="sl-embed" title="Interactive product demo" aria-label="Interactive product demo" allow="fullscreen; camera; microphone" style="position:absolute;top:0;left:0;width:100%;height:100%;border:none;"></iframe>
        </div>
      </div>



<h2 class="wp-block-heading">SmartCharge</h2>



<p>Du kannst einrichten, dass du dann lädst, wenn der Strompreis am günstigsten ist, oder wenn du CO2-arme oder erneuerbare Energien nutzt.</p>



<p>Bevor du SmartCharge einrichten kannst, musst du zunächst <a href="https://monta.com/de/hilfe/aktiviere-und-nutze-smartcharge/" data-type="link" data-id="https://monta.com/de/hilfe/aktiviere-und-nutze-smartcharge/">eine kurze Einrichtung</a> vornehmen, die deinen Ladeanforderungen entspricht. In den folgenden Schritten erfährst du, wie du einen SmartCharge Ladevorgang einrichtest.</p>



<ol class="wp-block-list">
<li>Klicke auf , um die Ladestation zu öffnen</li>



<li>Wähle die Registerkarte <strong>SmartCharge</strong> </li>



<li>Wähle das Auto aus, das du laden möchtest (optional)</li>



<li>Wähle den Zeitrahmen für das Laden aus

<ul class="wp-block-list">
<li>Wähle aus, wann das Auto zur Abholung bereit sein soll</li>



<li>Du stellst einen <strong>Verzögerten Start</strong> ein, der den Beginn des Ladens nach diesem Zeitpunkt verzögert</li>



<li>Dein Auto ist immer in der Lage, den Ladevorgang zu beenden, wenn die in den Fahrzeugeinstellungen festgelegte Ladegrenze erreicht ist</li>
</ul>
</li>



<li>Du kannst auch deine SmartCharge Präferenzen für das Laden einstellen</li>



<li>Swipe, um die SmartCharge-Sitzung einzurichten
<ul class="wp-block-list">
<li>Der Ladevorgang wird gemäß der Berechnung des Monta SmartCharge-Algorithmus gestartet, auch wenn du das Auto vorher anschließt</li>
</ul>
</li>
</ol>



<div class="storylane">
        <script src="https://js.storylane.io/js/v1/storylane.js"></script>
        <div class="sl-embed" style="position:relative;padding-bottom:calc(216.41% +  2px);width:100%;height:0;transform:scale(1)">
          <iframe class="sl-demo" src="https://app.storylane.io/demo/rgliql5buiyz" name="sl-embed" title="Interactive product demo" aria-label="Interactive product demo" allow="fullscreen; camera; microphone" style="position:absolute;top:0;left:0;width:100%;height:100%;border:none;"></iframe>
        </div>
      </div>

<p>Hast du eine Ladestation zu Hause? Hier erfährst du, wie du sie einrichten und laden kannst.</p>
