{"id":5848,"date":"2024-05-03T09:30:27","date_gmt":"2024-05-03T08:30:27","guid":{"rendered":"https:\/\/monta.com\/de\/hilfe\/use-solarcharge-home\/"},"modified":"2024-05-07T11:43:29","modified_gmt":"2024-05-07T10:43:29","slug":"nutze-solar-charge","status":"publish","type":"help-center","link":"https:\/\/monta.com\/de\/hilfe\/nutze-solar-charge\/","title":{"rendered":"Wie man SolarCharge benutzt"},"content":{"rendered":"\n<p>SolarCharge ist eine Funktion, die es privaten Ladestationsbesitzern, die \u00fcber Solarmodule verf\u00fcgen, erm\u00f6glicht, die Solarmodule zur Stromversorgung ihrer Ladung zu nutzen. <\/p>\n\n\n\n<p>Monta bietet Virtual SolarCharge und Integrated SolarCharge an. Du kannst <a href=\"https:\/\/monta.com\/de\/hilfe\/richte-solarcharge-ein\/\" data-type=\"link\" data-id=\"https:\/\/monta.com\/de\/hilfe\/richte-solarcharge-ein\/\">hier mehr \u00fcber die Einrichtung lesen<\/a>. Welche Art von SolarCharge f\u00fcr deine Ladestation verf\u00fcgbar ist, h\u00e4ngt von deiner Einrichtung ab. Zurzeit kannst du nur einen Typ verwenden und du bekommst automatisch den richtigen Strom in Monta Charge.<\/p>\n\n\n\n<h2 class=\"wp-block-heading\">Virtual SolarCharge einrichten<\/h2>\n\n\n\n<ol class=\"wp-block-list\">\n<li>Klicke auf <strong>Ich <\/strong>und w\u00e4hle <strong>SolarCharge<\/strong><\/li>\n\n\n\n<li>Klicke auf <strong>SolarCharge aktivieren<\/strong><\/li>\n\n\n\n<li>W\u00e4hle die Ladestation aus<\/li>\n\n\n\n<li>Konfiguriere die Position deiner Solarmodule\n\n<ul class=\"wp-block-list\">\n<li>Lege die <strong>Spitzenleistung<\/strong> in kW fest<\/li>\n\n\n\n<li>W\u00e4hle den Winkel der Deklination in Grad<\/li>\n\n\n\n<li>Lege den Azimut in Grad fest <\/li>\n<\/ul>\n<\/li>\n\n\n\n<li>Sieh dir die berechnete kW-Leistung an und klicke, um sie bei Bedarf zu kalibrieren.\n\n<ul class=\"wp-block-list\">\n<li>Wenn du ein Display hast, das dir deine aktuelle kW-Leistung anzeigt, kannst du die Zahl eingeben.<\/li>\n<\/ul>\n<\/li>\n\n\n\n<li> Speichere die Eingaben und du bist fertig!<\/li>\n<\/ol>\n\n\n\n<div class=\"storylane\">\n        <script src=\"https:\/\/js.storylane.io\/js\/v1\/storylane.js\"><\/script>\n        <div class=\"sl-embed width--s\" style=\"position:relative;padding-bottom:calc(216.53% +  27px);width:100%;height:0;transform:scale(1)\">\n          <iframe class=\"sl-demo\" src=\"https:\/\/app.storylane.io\/demo\/zoytrq1jli7j\" name=\"sl-embed\" title=\"Interactive product demo\" aria-label=\"Interactive product demo\" allow=\"fullscreen; camera; microphone\" style=\"position:absolute;top:0;left:0;width:100%;height:100%;border:none;\"><\/iframe>\n        <\/div>\n      <\/div>\n\n\n\n<h2 class=\"wp-block-heading\">Integrierte SolarCharge einrichten<\/h2>\n\n\n\n<ol class=\"wp-block-list\">\n<li>Klicke auf <strong>Ich <\/strong>und w\u00e4hle <strong>SolarCharge<\/strong><\/li>\n\n\n\n<li>Klicke auf <strong>SolarCharge aktivieren<\/strong><\/li>\n\n\n\n<li>W\u00e4hle die Ladestation aus<\/li>\n\n\n\n<li>Warte auf die Aktivierung <\/li>\n\n\n\n<li>Du bist bereit zum Laden! <\/li>\n<\/ol>\n\n\n\n<div class=\"storylane\">\n        <script src=\"https:\/\/js.storylane.io\/js\/v1\/storylane.js\"><\/script>\n        <div class=\"sl-embed\" style=\"position:relative;padding-bottom:calc(224.27% +  2px);width:100%;height:0;transform:scale(1)\">\n          <iframe class=\"sl-demo\" src=\"https:\/\/app.storylane.io\/demo\/dabh7jbznjy1\" name=\"sl-embed\" title=\"Interactive product demo\" aria-label=\"Interactive product demo\" allow=\"fullscreen; camera; microphone\" style=\"position:absolute;top:0;left:0;width:100%;height:100%;border:1px solid rgba(63,95,172,0.35);box-shadow: 0px 0px 18px rgba(26, 19, 72, 0.15);border-radius:10px;box-sizing:border-box;\"><\/iframe>\n        <\/div>\n      <\/div>\n\n\n\n<h2 class=\"wp-block-heading\">Laden mit SolarCharge<\/h2>\n\n\n\n<p>Du kannst SolarCharge derzeit mit Charge Now nutzen. Die Lademenge wird durch die Leistung deiner Solarmodule und deines Autos bestimmt.<\/p>\n\n\n\n<p><strong>Laden mit Virtual SolarCharge<\/strong><\/p>\n\n\n\n<ol class=\"wp-block-list\">\n<li>Gehe zu <strong>Ladestationen<\/strong> <\/li>\n\n\n\n<li>\u00d6ffne die Ladestation, die du mit Virtual SolarCharge eingerichtet hast<\/li>\n\n\n\n<li>W\u00e4hle <strong>Jetzt laden<\/strong><\/li>\n\n\n\n<li>Schalte <strong>Virtual SolarCharge<\/strong> ein<\/li>\n\n\n\n<li>Schiebe, um sofort zu laden<\/li>\n<\/ol>\n\n\n\n<div class=\"storylane\">\n        <script src=\"https:\/\/js.storylane.io\/js\/v1\/storylane.js\"><\/script>\n        <div class=\"sl-embed\" style=\"position:relative;padding-bottom:calc(216.41% +  2px);width:100%;height:0;transform:scale(1)\">\n          <iframe class=\"sl-demo\" src=\"https:\/\/app.storylane.io\/demo\/ybybekuga4nx\" name=\"sl-embed\" title=\"Interactive product demo\" aria-label=\"Interactive product demo\" allow=\"fullscreen; camera; microphone\" style=\"position:absolute;top:0;left:0;width:100%;height:100%;border:none;\"><\/iframe>\n        <\/div>\n      <\/div>\n\n\n\n<p><strong>Mit Integrated SolarCharge laden<\/strong><\/p>\n\n\n\n<ol class=\"wp-block-list\">\n<li>Gehe zu <strong>Ladestationen<\/strong> <\/li>\n\n\n\n<li>\u00d6ffne die Ladestation, die du mit Virtual SolarCharge eingerichtet hast<\/li>\n\n\n\n<li>W\u00e4hle <strong>Jetzt laden<\/strong><\/li>\n\n\n\n<li>Schalte <strong>Virtual SolarCharge<\/strong> ein<\/li>\n\n\n\n<li>Schiebe, um sofort zu laden<\/li>\n<\/ol>\n\n\n\n<div class=\"storylane\">\n        <script src=\"https:\/\/js.storylane.io\/js\/v1\/storylane.js\"><\/script>\n        <div class=\"sl-embed\" style=\"position:relative;padding-bottom:calc(216.41% +  2px);width:100%;height:0;transform:scale(1)\">\n          <iframe class=\"sl-demo\" src=\"https:\/\/app.storylane.io\/demo\/1sl91erpdvuv\" name=\"sl-embed\" title=\"Interactive product demo\" aria-label=\"Interactive product demo\" allow=\"fullscreen; camera; microphone\" style=\"position:absolute;top:0;left:0;width:100%;height:100%;border:1px solid rgba(63,95,172,0.35);box-shadow: 0px 0px 18px rgba(26, 19, 72, 0.15);border-radius:10px;box-sizing:border-box;\"><\/iframe>\n        <\/div>\n      <\/div>\n","protected":false},"excerpt":{"rendered":"<p>In diesem Leitfaden erf\u00e4hrst du, wie du SolarCharge einrichtest und benutzt.<\/p>\n","protected":false},"author":1,"featured_media":0,"parent":0,"menu_order":0,"template":"","meta":{"_acf_changed":false,"inline_featured_image":false},"help_cat":[214],"help_tags":[221],"class_list":["post-5848","help-center","type-help-center","status-publish","hentry","help_cat-zu-hause-laden","help_tags-charge"],"acf":[],"_links":{"self":[{"href":"https:\/\/monta.com\/de\/wp-json\/wp\/v2\/help-center\/5848","targetHints":{"allow":["GET"]}}],"collection":[{"href":"https:\/\/monta.com\/de\/wp-json\/wp\/v2\/help-center"}],"about":[{"href":"https:\/\/monta.com\/de\/wp-json\/wp\/v2\/types\/help-center"}],"author":[{"embeddable":true,"href":"https:\/\/monta.com\/de\/wp-json\/wp\/v2\/users\/1"}],"wp:attachment":[{"href":"https:\/\/monta.com\/de\/wp-json\/wp\/v2\/media?parent=5848"}],"wp:term":[{"taxonomy":"help_cat","embeddable":true,"href":"https:\/\/monta.com\/de\/wp-json\/wp\/v2\/help_cat?post=5848"},{"taxonomy":"help_tags","embeddable":true,"href":"https:\/\/monta.com\/de\/wp-json\/wp\/v2\/help_tags?post=5848"}],"curies":[{"name":"wp","href":"https:\/\/api.w.org\/{rel}","templated":true}]}}

<p>SolarCharge ist eine Funktion, die es privaten Ladestationsbesitzern, die über Solarmodule verfügen, ermöglicht, die Solarmodule zur Stromversorgung ihrer Ladung zu nutzen. </p>



<p>Monta bietet Virtual SolarCharge und Integrated SolarCharge an. Du kannst <a href="https://monta.com/de/hilfe/richte-solarcharge-ein/" data-type="link" data-id="https://monta.com/de/hilfe/richte-solarcharge-ein/">hier mehr über die Einrichtung lesen</a>. Welche Art von SolarCharge für deine Ladestation verfügbar ist, hängt von deiner Einrichtung ab. Zurzeit kannst du nur einen Typ verwenden und du bekommst automatisch den richtigen Strom in Monta Charge.</p>



<h2 class="wp-block-heading">Virtual SolarCharge einrichten</h2>



<ol class="wp-block-list">
<li>Klicke auf <strong>Ich </strong>und wähle <strong>SolarCharge</strong></li>



<li>Klicke auf <strong>SolarCharge aktivieren</strong></li>



<li>Wähle die Ladestation aus</li>



<li>Konfiguriere die Position deiner Solarmodule

<ul class="wp-block-list">
<li>Lege die <strong>Spitzenleistung</strong> in kW fest</li>



<li>Wähle den Winkel der Deklination in Grad</li>



<li>Lege den Azimut in Grad fest </li>
</ul>
</li>



<li>Sieh dir die berechnete kW-Leistung an und klicke, um sie bei Bedarf zu kalibrieren.

<ul class="wp-block-list">
<li>Wenn du ein Display hast, das dir deine aktuelle kW-Leistung anzeigt, kannst du die Zahl eingeben.</li>
</ul>
</li>



<li> Speichere die Eingaben und du bist fertig!</li>
</ol>



<div class="storylane">
        <script src="https://js.storylane.io/js/v1/storylane.js"></script>
        <div class="sl-embed width--s" style="position:relative;padding-bottom:calc(216.53% +  27px);width:100%;height:0;transform:scale(1)">
          <iframe class="sl-demo" src="https://app.storylane.io/demo/zoytrq1jli7j" name="sl-embed" title="Interactive product demo" aria-label="Interactive product demo" allow="fullscreen; camera; microphone" style="position:absolute;top:0;left:0;width:100%;height:100%;border:none;"></iframe>
        </div>
      </div>



<h2 class="wp-block-heading">Integrierte SolarCharge einrichten</h2>



<ol class="wp-block-list">
<li>Klicke auf <strong>Ich </strong>und wähle <strong>SolarCharge</strong></li>



<li>Klicke auf <strong>SolarCharge aktivieren</strong></li>



<li>Wähle die Ladestation aus</li>



<li>Warte auf die Aktivierung </li>



<li>Du bist bereit zum Laden! </li>
</ol>



<div class="storylane">
        <script src="https://js.storylane.io/js/v1/storylane.js"></script>
        <div class="sl-embed" style="position:relative;padding-bottom:calc(224.27% +  2px);width:100%;height:0;transform:scale(1)">
          <iframe class="sl-demo" src="https://app.storylane.io/demo/dabh7jbznjy1" name="sl-embed" title="Interactive product demo" aria-label="Interactive product demo" allow="fullscreen; camera; microphone" style="position:absolute;top:0;left:0;width:100%;height:100%;border:1px solid rgba(63,95,172,0.35);box-shadow: 0px 0px 18px rgba(26, 19, 72, 0.15);border-radius:10px;box-sizing:border-box;"></iframe>
        </div>
      </div>



<h2 class="wp-block-heading">Laden mit SolarCharge</h2>



<p>Du kannst SolarCharge derzeit mit Charge Now nutzen. Die Lademenge wird durch die Leistung deiner Solarmodule und deines Autos bestimmt.</p>



<p><strong>Laden mit Virtual SolarCharge</strong></p>



<ol class="wp-block-list">
<li>Gehe zu <strong>Ladestationen</strong> </li>



<li>Öffne die Ladestation, die du mit Virtual SolarCharge eingerichtet hast</li>



<li>Wähle <strong>Jetzt laden</strong></li>



<li>Schalte <strong>Virtual SolarCharge</strong> ein</li>



<li>Schiebe, um sofort zu laden</li>
</ol>



<div class="storylane">
        <script src="https://js.storylane.io/js/v1/storylane.js"></script>
        <div class="sl-embed" style="position:relative;padding-bottom:calc(216.41% +  2px);width:100%;height:0;transform:scale(1)">
          <iframe class="sl-demo" src="https://app.storylane.io/demo/ybybekuga4nx" name="sl-embed" title="Interactive product demo" aria-label="Interactive product demo" allow="fullscreen; camera; microphone" style="position:absolute;top:0;left:0;width:100%;height:100%;border:none;"></iframe>
        </div>
      </div>



<p><strong>Mit Integrated SolarCharge laden</strong></p>



<ol class="wp-block-list">
<li>Gehe zu <strong>Ladestationen</strong> </li>



<li>Öffne die Ladestation, die du mit Virtual SolarCharge eingerichtet hast</li>



<li>Wähle <strong>Jetzt laden</strong></li>



<li>Schalte <strong>Virtual SolarCharge</strong> ein</li>



<li>Schiebe, um sofort zu laden</li>
</ol>



<div class="storylane">
        <script src="https://js.storylane.io/js/v1/storylane.js"></script>
        <div class="sl-embed" style="position:relative;padding-bottom:calc(216.41% +  2px);width:100%;height:0;transform:scale(1)">
          <iframe class="sl-demo" src="https://app.storylane.io/demo/1sl91erpdvuv" name="sl-embed" title="Interactive product demo" aria-label="Interactive product demo" allow="fullscreen; camera; microphone" style="position:absolute;top:0;left:0;width:100%;height:100%;border:1px solid rgba(63,95,172,0.35);box-shadow: 0px 0px 18px rgba(26, 19, 72, 0.15);border-radius:10px;box-sizing:border-box;"></iframe>
        </div>
      </div>

<p>In diesem Leitfaden erfährst du, wie du SolarCharge einrichtest und benutzt.</p>
